3)).
-6
What is 10 + -2 - (36 + 0 + (-154 - -142))?
-16
What is the value of -32 - -2 - (-409 - -356)?
23
Calculate -1 + (12 - 20) - (5 + 8).
-22
-1 + -7 + 1 + -576 + 584
1
Calculate 24 + -15 + 3 - -1.
13
Evaluate 2 + (1 - -3) + -7 + -6.
-7
Calculate (-1 - 4) + (8 - -20) + -27.
-4
What is the value of 10 + (-7 - 2) + 5 + -3 + 13?
16
Calculate -9 - (-19 + 25 + -8 + 1) - -6.
-2
(56 - 55) + (-4 - 5)
-8
What is the value of (-7 - -1) + -58 + 79 + -8 + -1?
6
Calculate -10 + -15 + -6 - (-15 + 0).
-16
What is the value of -1 - (-21 + 26 + -11)?
5
Calculate -11 - 1 - (-589 + 567).
10
Calculate -3 - ((7 - (-17 - -25)) + -6 + -1).
5
Evaluate (42 - 46) + -7 + (-3 - -1).
-13
What is -5 + (-10 - -25) + (-2 - -7) - -10?
25
Evaluate (-9 - -1) + 2 - (-13 + 20) - 1.
-14
Calculate -40 + 43 + -26 + 32.
9
Evaluate 36 - (31 - 24) - 26.
3
What is -2 + (-8 - 7 - 10)?
-27
What is 2 + (9 + -4 - 5 - 8) + -6?
-12
What is the value of -7 + 4 + 5 - (-3 - -1) - 12?
-8
Calculate 4 + 5 + (-3 - -2) + 1.
9
What is the value of -13 + -6 + 8 + 8?
-3
What is the value of (-1 - -12) + (31 - (59 + -23))?
6
Evaluate 14 - (12 - (-14 + 26) - -4).
10
What is 11 + 0 + (9 - (13 - (-2 + -4)))?
1
11 - (-4 - -5) - (21 - (-4 + 14))
-1
What is 2 + 16 + 5 - (15 + -3)?
11
What is the value of (-203 - -232) + (-10 - 2)?
17
Evaluate -4 - (-3 - (8 - 2 - (4 + -1))).
2
Evaluate -5 - (2 - 3) - ((-33 - -8) + 15).
6
Calculate -7 + 5 - -8 - (-4 - 0).
10
What is 0 - (-14 - (-10 - -2) - 2)?
8
7 + (0 - (0 + 4 + -7))
10
Evaluate 6 + 7 + -9 + 14.
18
Calculate 17 + (11 - 17 - 16).
-5
What is -3 + 3 + 6 + 2 + 27 + 1?
36
What is the value of 2 - -5 - (-10 + (-5 - -3) - 0)?
19
What is the value of 15 - 10 - (-11 - (3 + 1))?
20
(5 - -4) + 16 - 9
16
Evaluate (12 + -29 - -13) + 1 + (6 - 2).
1
Evaluate 1 + 1 - ((-14 - 2) + -63 + 71).
10
Evaluate -7 + (2 + 7 - 16).
-14
Calculate 15 - 13 - (2 - (0 + -4 - -36)).
32
Calculate 6 + 4 - (5 + -19 - -28).
-4
Evaluate -28 + 17 + -4 + (-104 - -109).
-10
Calculate 8 - (-5 + 8 + -5 - -2).
8
(1 - (-8 + (8 - (10 - 15)))) + 1
-3
What is 11 + (-28 - (0 + -3))?
-14
What is 6 - (0 - -13 - 24)?
17
Evaluate (99 - 60) + (-5 - 10).
24
(-15 - -22) + -22 + 9
-6
What is the value of (3 + 7 + -12 + 7 - -6) + -46?
-35
What is the value of (2 - (6 + -4) - (-11 + -1)) + -5?
7
What is (5 + 3 - 25) + (2 - (-7 + 2))?
-10
What is -54 - -61 - (0 + 21)?
-14
0 - 27 - (341 - 351)
-17
What is the value of 34 - (-2 + 1 + -2 + (-254 - -264))?
27
What is -5 + 1 + -2 + (3 - 2) + 3?
-2
What is the value of -22 + (62 - 20) + -19?
1
Calculate (-395 - -372) + 0 + 22.
-1
Evaluate 1 + -6 + 11 + -24 + -10 + -1.
-29
What is the value of -9 + 32 + -28 - 24?
-29
(8 - (-7 + 18 + 0)) + 16 + -1
12
Calculate -3 - 0 - (17 - 11 - 3).
-6
-18 - (-14 - (-11 + 8) - -9) - -3
-13
Calculate (19 - 1) + (-3 + 46 - 30).
31
-14 + (-4 - 3) + (5 - -3)
-13
What is the value of -19 + (-6 + -4 + 23 - 4)?
-10
What is (2 - 0) + 4 - (44 - (19 - -4))?
-15
What is 2 + (-4 + -2 - -9)?
5
-4 - 2 - (6 - 13 - 1)
2
71 + -91 - (-59 + 11)
28
Calculate (-877 - -855) + (15 - 2).
-9
(11 - 15) + -3 + 3 + 7
3
What is 5 - 4 - -5 - (-1 + -1 + 10)?
-2
Evaluate (1 + -9 - (-6 - 7)) + 10.
15
What is the value of (0 - 0) + (-13 + 1 - -12) + -6?
-6
Evaluate (-5 + -19 - -28) + 1 + -1.
4
What is 188 - 159 - (-3 - 1)?
33
What is the value of (8 - -2) + -30 + 15 - (4 - 4)?
-5
Calculate (-11 - -1) + 1 + (63 - 49) + -20.
-15
Evaluate (2 - (14 - 3)) + 59 + -59.
-9
What is -14 + (3 - (3 - -2 - 7)) + -3?
-12
What is the value of 3 - (47 + -43) - -5?
4
What is 7 + -2 + -10 + (-2 - (22 + 0))?
-29
Evaluate -4 + (3 + 1 + 4 + -3 - -7).
8
What is 0 + (14 - 10 - -2)?
6
What is 1 + 11 + (-5 - (-18 - -17))?
8
Calculate 9 + -6 + 1 + -1 + 13.
16
Calculate -32 + (4 + -4 - (-2 - 0)) + 7.
-23
What is the value of 1 + -2 - 2 - (-16 - (31 - 67))?
-23
What is the value of -7 + 0 + (14 - (-1 + 5))?
3
Calculate 31 + -27 + (-8 - 0) + 2 + -6.
-8
(4 + (1 - 8) - 30) + (176 - 168)
-25
Calculate 3 + (-1 - -2) + -30 + (-71 - -67).
-30
What is the value of -9 + -1 + 0 + 13 - (1 + -16)?
18
Calculate 12 + -9 + -20 + 20.
3
What is the value of -3 - (1 - 9 - ((2 - 3) + -7))?
-3
-2 + -3 + (-8 - 8 - -7 - -2)
-12
What is -5 + 2 + 3 + 1 - (-1 - 9)?
11
Calculate -31 + 23 + 7 + -8.
-9
-1 - (1 - -1) - -12 - 32
-23
-10 + 0 - (186 - 214)
18
(-7 - -9) + -9 + 4 - (-1 + -4)
2
8 + -1 - (-16 - -24) - -13
12
What is the value of -12 + -6 + (28 - -3)?
13
What is 18 + (0 - (10 - (0 - -6) - -2))?
12
What is -4 + (5 - (0 + 6)) + (-8 - -11)?
-2
Evaluate 33 + -10 + 15 + -24.
14
Calculate 3 + -7 + -3 - (-45 + 36).
2
What is the value of 6 - 13 - (5 - (-3 + 4))?
-11
What is 6 + (1 - (6 - (-6 - 6)) - -1)?
-10
What is the value of (-13 - -2 - 7) + 16?
-2
-6 - ((-1 - -1) + 4 - -1)
-11
(1 - (4 + -23 - -9)) + 3 + -2
12
Calculate (41 - (13 - -7)) + -6 + 0.
15
What is the value of -3 - (5 - ((-3 - -2) + 5)) - 4?
-8
What is 2 + 0 + -11 + (8 - 1)?
-2
(3 - -7 - 4) + -11 + 10
5
Calculate 6 + -30 + 15 + (3 - 1).
-7
15 - (-14 - (-25 + (-12 - -18)))
10
Evaluate (7 - 12 - -8 - 10) + (-15 - -2).
-20
Calculate -16 - (-4 + 15 + -5 - 5) - -6.
-11
Calculate (-8 - -4 - (0 + 6)) + 6 + 2.
-2
What is 2 + -4 + 13 + -152 + 129?
-12
What is the value of 7 + -9 + (-8 - -11) - (0 - 6)?
7
What is the value of 17 - (-3 - (4 + -13))?
11
(-2 - -13) + -31 + 11
-9
What is the value of 8 + (164 - 175) + (22 - 0)?
19
(-14 - -11) + 7 - (2 + 3 - 1)
0
What is the value of (1 - (2 + -3)) + -5 + (-1 - -5)?
1
What is (-17 - -13) + (13 - -2) - 2?
9
Calculate (4 - -3) + -7 - (14 + 0) - -5.
-9
0 + -3 + 1 + -1 + (8 - 0)
5
Calculate -1 + (-11 + 9 - 16 - -12).
-7
Calculate 21 + (-17 + 61 - 66).
-1
What is the value of 32 + 11 + 17 + -24 + -3?
33
(1 - -6) + 7 + (3 - 23 - -1)
-5
What is the value of 7 + (-4 - -4) + 1 + -21?
-13
Evaluate 4 + -36 - -31 - (-1 - (4 + -1)).
3
Evaluate -4 + 35 + 8 + -23.
16
Evaluate -9 + (6 - 0) + 6 + 10 + -2.
11
Evaluate (0 - 18) + (-52 - -94).
24
What is the value of -29 + -17 + 18 + 20?
-8
-8 - (2 - (-4 + (8 - 3)))
-9
What is 3 + 6 + -1 - (-76 - -75)?
9
(32 - -1) + 0 + (-9 - 1) - 4
19
Evaluate -29 - ((-24 - -47) + -27).
-25
Evaluate 0 + 1 + -1 + (-35 - -39) + -24.
-20
What is -84 + 74 + (1 - 2) + 6?
-5
Evaluate -5 + (-3 - (-14 - -6) - 4).
-4
What is the value of (0 - 0) + 32 + -36?
-4
Evaluate 1 + -3 - (-2 - 15 - (0 + 4)).
19
What is -1 + -12 + -2 + 20?
5
What is the value of 6 + 2 - -20 - 24?
4
11 - 8 - ((3 - 5) + 13)
-8
-16 - -2 - (-165 + 137)
14
What is (-1 + 0 - -10) + (-86 - -117) + -38?
2
What is the value of (0 + 7 - -21 - 5) + -8 + 6?
21
What is -6 - (36 + 11) - (-20 - -4)?
-37
Calculate -16 + 0 + 8 + 16 + -1 + -3.
4
610 + -639 + (5 - -1)
-23
-1 + -1 + 10 + (0 - 5) + 1
4
What is -15 + 4 + 16 + 0 + (-14 - -2)?
-7
Evaluate (1 - -12 - (-161 - -174)) + (-1 - 0).
-1
Evaluate 284 + -254 - (17 + -1).
14
What is the value of -23 - (-17 + 12) - -2?
-16
Calculate (-3 - (-1 + 6 - (-7 - -7))) + -17.
-25
What is (1 - -1 - 0 - -3) + (3005 - 2973)?
37
Evaluate -1 + 37 - (594 - 572).
14
Calculate (2 - 8) + ((9 - 2) + -1 - -7).
7
What is -15 + (-1 - -36) + 4?
24
Calculate 5 + 0 + -3 + (111 - 105).
8
7 + -18 + (-12 - -29) - -24
30
What is the value of -8 - (-37 + 32 - 6)?
3
Calculate -6 + (4 - (-5 - -5)) + -1 + 6.
3
Evaluate 1 - (0 + -28 + 31).
-2
Calculate 15 - -7 - (-10 - (-20 + 17)).
29
Evaluate (17 - 3) + -7 + 3.
10
Evaluate 4 - (35 + 5 + -34 + (-31 - -1)).
28
What is -12 + 10 + 7 - 5?
0
Calculate -15 + (0 - ((-1 - 11) + -5)).
2
(2 - ((3 - 4) + 7)) + 6 - -15
17
What is 3 + (-17 - (1 - 2)) + 1 - 4?
-16
What is 3 - ((-23 - 8) + 22 + (-1 - 8))?
21
-11 + 6 + -8 + 7
-6
Evaluate (-1 - -6 - -1) + (-1 - -1 - -6).
12
What is -148 - -150 - (-1 - 8)?
11
Evaluate -8 - (-4 + (-1 - 4)).
1
What is (0 - (5 - -1)) + -504 + 505?
-5
Calculate (12 + (-5 - 4) - -5) + 11.
19
24 + (-46 - -22) + (-4 - (-17 - 2))
15
What is the value of 34 + -12 + -12 + 2 - -10?
22
What is the value of (1 - -2) + (-10 - (0 - -6)) - 1?
-14
What is the value of 0 - -17 - (35 - (31 + -2))?
11
-3 + -2 + 6 + (10 - 10)
1
Evaluate -4 - (-10 - (-4 + -11)).
-9
-8 + 5 + 6 - (-18 - -8)
13
Calculate 6 + (-9 - -18) + -31.
-16
What is the value of 4 + -3 + (-11 - -5) + 3 - -4?
2
What is the value of (1 - 1 - 7) + 30 + (30 - 83)?
-30
What is -91 + 46 + 48 - (1 - 2 - -4)?
0
What is -9 + -4 + 12 + -13 + (